er when j is divided by 45.
43
Let n = -3506 - -3521. Let l(a) = a**2 - 9*a + 10. Let y(w) = -w**2 + w - 1. Let r(t) = -l(t) - 3*y(t). What is the remainder when r(5) is divided by n?
13
Let l(q) = 8*q**2 - 8*q + 58. Let y(j) = -3*j**2 + 3*j - 20. Let n(x) = 4*l(x) + 11*y(x). What is the remainder when 69 is divided by n(3)?
3
Let a = -203 + 204. Calculate the remainder when 76 is divided by -22 + 24 - (a + -6).
6
Let d = -105139 - -105155. Suppose l + 6 + 8 = 0. Let h = l + 43. Calculate the remainder when h is divided by d.
13
Let y be 6/(-4)*-5*(-6)/(-15). Suppose -y*w + 28 + 149 = s, 0 = -2*w - 8. What is the remainder when s is divided by 65?
59
Calculate the remainder when 13 - (20/50 + 154/(-35)) is divided by 15.
2
Calculate the remainder when 262 is divided by (-164869)/(-865) + 2*(-2 + 12/10).
73
What is the remainder when 485 is divided by (42 - 36) + (91 - (3 - 4))?
93
Let n = 1700 + -1483. Let a(z) = -z**3 + 8*z**2 + 3*z + 3. What is the remainder when n is divided by a(7)?
71
Let u(f) = 56*f - 179. What is the remainder when 1437 is divided by u(4)?
42
Suppose 14152 + 633 = 749*q - 29214 - 8431. Let k = 32 + -23. What is the remainder when q is divided by k?
7
Calculate the remainder when 542 is divided by (-1)/3*5 + 32860/465.
59
Suppose 24*k - 8*k = 640. What is the remainder when k is divided by ((-41)/(-3))/1 - (-1)/3?
12
Let j = 917 + -817. Let h(v) = v**3 + v**2 - v + 1. Let a be h(-2). Let b = a - -35. What is the remainder when j is divided by b?
32
Suppose 0 = -4*a - 3 + 23. Suppose a - 101 = -6*d. Let p = -253 - -315. What is the remainder when p is divided by d?
14
Let c = -61 - -61. Suppose y = 4*w - 1 - c, -5*y + 5*w = -25. What is the remainder when y is divided by 1?
0
Let p = 5 - -28. Suppose -2*l + 5*q + 28 = 0, 0 = 5*q + 5 + 5. Suppose r - l = 9. Calculate the remainder when p is divided by r.
15
Let i(v) = 4*v**2 + 49*v + 1101. Calculate the remainder when i(-16) is divided by 52.
41
Suppose -6*h + 8 + 4 = 0. Suppose -p = -r + p + 9, -19 = -h*r + 3*p. Let d = r + 14. What is the remainder when 47 is divided by d?
22
Suppose -b + 53 = 2*t, 19*t - 5*b = 18*t + 32. Suppose -3*h + 8 = -0*h + 4*n, 3*n + 36 = 3*h. Calculate the remainder when t is divided by h.
3
Suppose 3*d + 7*n - 3*n = 180, 4*d + 3*n - 247 = 0. Suppose -d + 14 = -5*b. Calculate the remainder when 58 is divided by b.
8
Let j(i) = 2*i**2 - 9*i - 11. Suppose 2*q - 5 = z - 23, -3*z = -4*q - 44. Calculate the remainder when j(z) is divided by ((-28)/(-35))/((-1)/(-20)).
13
Let m(y) = -y**3 + 6*y**2 - 7*y + 6. Let a be m(5). Calculate the remainder when 57 is divided by (0 - 21/(-14))/((-2)/a).
0
Let t be (-7)/((-14)/8) + 2/1. Suppose -20 = 4*s, t*s = -4*l + 7*s + 1381. Suppose 0 = -5*h + 9*h - l. What is the remainder when h is divided by 24?
14
Suppose -5*a + 3*x = -1445, x + 1445 = 38*a - 33*a. What is the remainder when a is divided by 26?
3
Let d = 3992 + -3676. Calculate the remainder when d is divided by 11.
8
Let u(x) = 22*x**2 - 27*x + 69. Calculate the remainder when 12274 is divided by u(3).
184
Let t = -3092 + 1523. Let p = -807 - t. Calculate the remainder when p is divided by 17.
14
Let m = 805 + -746. What is the remainder when 257 is divided by m?
21
What is the remainder when 200 is divided by (((-805)/(-15))/(-7) - (2 - 1))*-3?
18
Let n(z) = -z**3 - 5*z**2 + 6*z. Let s be n(-6). Suppose s = 166*c - 171*c + 25. What is the remainder when 22 is divided by c?
2
Let p(u) = 37*u + 562. What is the remainder when p(0) is divided by 274?
14
Let b = 66 - 31. Let y(v) = 4*v**2 - 3*v**3 - 4*v**3 + 3*v**3 - 5 + 6*v + 3*v**3. Calculate the remainder when b is divided by y(4).
16
Let l(k) = 3*k**2 + 148*k + 2542. Calculate the remainder when l(-15) is divided by 125.
122
Suppose 4*g = 14 + 6. Suppose 12 = -4*i, g*h - 9 = h + 3*i. Suppose -x + 60 = -h*x. What is the remainder when x is divided by 33?
27
Suppose 0 = 301*h - 305*h + 2*j + 3508, -5*h = 4*j - 4372. Suppose 0 = 5*l - 79 - 1. Calculate the remainder when h is divided by l.
12
Let u be (1/(20/(-1464)))/(10/(-75)). Let h = 566 - u. Calculate the remainder when 22 is divided by h.
5
Let i = -20301 + 21367. What is the remainder when i is divided by 463?
140
Suppose -48*l + 16*l + 15808 = 0. Let i = -474 + l. What is the remainder when i is divided by 11?
9
Let s = 71 + -319. Let c = s - -281. What is the remainder when 90 is divided by c?
24
Suppose 0 = 4*f - 4*h + 536, 8*f + 4*h + 520 = 4*f. What is the remainder when (-6)/2 + 15/((-90)/f) is divided by (13/2 + (-13 - -9))*2?
4
Let x(g) = g**3 + 14*g**2 - g - 19. Let h be x(-10). Let b = 406 - h. What is the remainder when 178 is divided by b?
13
Let l(t) be the third derivative of t**5/60 - t**4/4 + 7*t**3/6 + 48*t**2. What is the remainder when 70 is divided by l(8)?
1
Let m = 427 - 119. Let q = -275 + m. Calculate the remainder when q is divided by 6.
3
What is the remainder when -246*(-12 - 247/(-26)) is divided by 62?
57
Suppose 5*h - 5*g = -9*g + 140, -116 = -4*h - 4*g. Suppose a = -4*u - 0*a + 167, a - 125 = -3*u. What is the remainder when u is divided by h?
18
Let i(m) = 3*m + 3*m - 8*m**2 + 6*m**3 + 0*m - 7*m**3 - 16. Let p be i(-9). Calculate the remainder when 72 is divided by (p/(-11))/(1/(-38)).
34
Suppose 6009 - 67941 = -78*h. Calculate the remainder when h is divided by 19.
15
Let d = 2386 - 2223. Calculate the remainder when d is divided by 9.
1
Let h = -6082 - -6180. What is the remainder when 177 is divided by h?
79
Suppose 10 + 5 = 5*u. Suppose -52 = 82*r - 343 - 1103. Calculate the remainder when r is divided by u.
2
Let k = -76 + 249. Suppose 25 = -k*p + 178*p. What is the remainder when 25 is divided by ((-19)/2 + p)*-2?
7
Let b = -177 - -458. Let l = -212 + b. What is the remainder when l is divided by 18?
15
Calculate the remainder when ((-122)/(-183))/(1/(-6)*-1) - -1574 is divided by 158.
156
Let u(b) = b**3 - 8*b**2 + 2*b + 2. Let d(x) = x**2 - 82*x - 306. What is the remainder when d(-4) is divided by u(8)?
2
Let j(b) = -b**2 - 2*b + 2. Suppose p - 2 = 2*t, 0 = -4*t - t + 5. Suppose -2 = p*w - 14. Calculate the remainder when w is divided by j(-2).
1
Suppose 9*k - 3 = 8*k. Suppose -2*f + 7*f = 45. What is the remainder when 77/k - (-4 - (-70)/15) is divided by f?
7
Let c(i) = 582*i + 30. Calculate the remainder when c(1) is divided by 44.
40
Let a = -151 + 148. Calculate the remainder when 8/a*891/(-44) is divided by 19.
16
Let d(m) = -158*m**3 + 9*m**2 + 7*m - 1. What is the remainder when 1903 is divided by d(-1)?
154
Calculate the remainder when (255 - 243)/(4/(-118))*(-14)/4 is divided by 66.
51
Let c(h) = 2*h**2 - 26*h + 56. Let t be c(10). Calculate the remainder when 184 is divided by 3 - (-35 + (-12)/(-4) - t).
29
What is the remainder when (-3534491)/(-2456) + 1/(-8) is divided by 76?
71
Let v = 36 + -66. Calculate the remainder when 14 is divided by 48/(-40)*v/9.
2
Suppose -3*u = -6*u + 6. Let a(w) be the second derivative of w**4/12 - 2*w**3/3 + 2*w**2 - w + 52. Calculate the remainder when u is divided by a(3).
0
Suppose -2*f + 22*f - 2520 = 0. What is the remainder when 893 is divided by f?
11
Let m(u) = 3*u + 2. Let t(z) = z**3 + 6*z**2 - 93*z + 14. Let g be t(7). Suppose g = i + 10*i - 33. Calculate the remainder when m(2) is divided by i.
2
Let v(i) be the first derivative of 3*i**2/2 + 64*i + 2. Let j(u) = -2*u**3 + 6*u**2 - 5*u - 5. Let f be j(3). What is the remainder when 8 is divided by v(f)?
0
Suppose 4*q + 32 = -2*d, 0 = -3*q + 2*d - 9 - 15. Suppose 12 = -4*b, 0*l = l - 5*b - 54. Let f = l + q. Calculate the remainder when f is divided by 11.
9
Suppose -4*t + 515 = 269 - 1006. What is the remainder when t is divided by 109?
95
Let y be ((-7)/5 - -1)/((-21)/210). Suppose y*d - 72 = 8*d. Let w = 27 + d. What is the remainder when 24 is divided by w?
6
Suppose -4644 = -3*l + r + 1195, 0 = -l - 4*r + 1929. Suppose l + 834 = 7*v. Calculate the remainder when v is divided by 16.
13
Calculate the remainder when (23 - 67/3)*(-3234)/(-4) is divided by 6.
5
Suppose -60*y + 5932 - 196 + 6564 = 0. What is the remainder when y is divided by 8?
5
Let m = -26 + 34. Suppose m*x - x = 203. Suppose 37 + 47 = 4*r + 4*u, -r - 3*u = -31. What is the remainder when x is divided by r?
13
Let o be 6*-2*(-2)/